at is -ba7 + -1?
-ba8
In base 6, what is 515 - -310?
1225
In base 9, what is -3 + -15625?
-15628
In base 6, what is 22351 + 40?
22431
In base 9, what is 501 - -246?
747
In base 2, what is -11001 + 1011100010001110?
1011100001110101
In base 5, what is -10232 + -234?
-11021
In base 13, what is 1 + 1596?
1597
In base 3, what is 1102 + -211011221?
-211010112
In base 10, what is -46043 - -4?
-46039
In base 6, what is 5 - 12555521?
-12555512
In base 12, what is 2 - -1b8864?
1b8866
In base 16, what is 10 - 5e2f?
-5e1f
In base 8, what is -171052 - 4?
-171056
In base 14, what is -146 + 90?
-96
In base 14, what is -22647 - 1a?
-22663
In base 4, what is 31 - -323201?
323232
In base 6, what is -12112 - -331?
-11341
In base 2, what is -10 - -110101111?
110101101
In base 2, what is 11 - -11010000101001101?
11010000101010000
In base 7, what is 352 - -63?
445
In base 7, what is -2 - -2250331?
2250326
In base 6, what is 101102 + 0?
101102
In base 11, what is -11 - 107084?
-107095
In base 3, what is -221010201 + 1?
-221010200
In base 2, what is 1100110110 + 110010010?
10011001000
In base 9, what is 1333 - -1?
1334
In base 13, what is 42b7a - -c?
42b89
In base 10, what is 19 + -13841?
-13822
In base 9, what is 26 - 123828?
-123802
In base 6, what is 13 + 1231440?
1231453
In base 15, what is -1 + -37ac?
-37ad
In base 4, what is -22 - 102232?
-102320
In base 3, what is -220200122100 - -10?
-220200122020
In base 9, what is 142 - -3650?
3802
In base 14, what is -8d1b7 - 2?
-8d1b9
In base 9, what is 8286 - 35?
8251
In base 10, what is -4 - -10137?
10133
In base 4, what is 1132312313 - -10?
1132312323
In base 9, what is -4843 + -27?
-4871
In base 16, what is -cd79 - 2?
-cd7b
In base 10, what is 1505258 + 1?
1505259
In base 6, what is 141 + 20251?
20432
In base 8, what is 223011 + -5?
223004
In base 4, what is 1121222031 + 1?
1121222032
In base 16, what is -27 - eb7?
-ede
In base 6, what is -25455 - -30?
-25425
In base 5, what is -13 - 242301?
-242314
In base 11, what is -218 + 58?
-170
In base 3, what is -1221021221 - 221?
-1221022212
In base 8, what is -404666 + 2?
-404664
In base 16, what is 17f + 40?
1bf
In base 7, what is -13 - -114?
101
In base 11, what is -a9 + 38?
-71
In base 16, what is -7194 - -2?
-7192
In base 7, what is -102 - -1164?
1062
In base 4, what is 20021 + 30?
20111
In base 9, what is -334 + -116?
-451
In base 13, what is 2 - -4538?
453a
In base 14, what is -116b - 2?
-116d
In base 10, what is -6 + -11538?
-11544
In base 13, what is 141404 - 1?
141403
In base 4, what is 110102 + -3101?
101001
In base 4, what is 0 + -3222010?
-3222010
In base 9, what is 11 + 1481364?
1481375
In base 2, what is 10101111100 - 111101101?
1110001111
In base 8, what is 5177 + 36?
5235
In base 2, what is 11010001 - -100101000?
111111001
In base 6, what is -4 - 40440?
-40444
In base 3, what is 202100222 + 1?
202101000
In base 12, what is 4 - -257a4?
257a8
In base 5, what is -142444444 + 0?
-142444444
In base 14, what is -bd + -3?
-c2
In base 12, what is 4 + -857b?
-8577
In base 13, what is -493a + -7?
-4944
In base 15, what is -1741 + 9?
-1737
In base 4, what is 32021200 + 0?
32021200
In base 10, what is 6 + 30562?
30568
In base 8, what is -23037 - 4?
-23043
In base 9, what is -20453 - -55?
-20387
In base 13, what is 8 - -2c24?
2c2c
In base 15, what is -311530 - 2?
-311532
In base 5, what is -1103011 + 104?
-1102402
In base 6, what is 3 - -404?
411
In base 13, what is -15b6 - 48?
-1631
In base 3, what is -12100 - -1110210?
1021110
In base 9, what is -818 + 288?
-520
In base 15, what is 1 - -c1aba?
c1abb
In base 4, what is 1 + 11330000031?
11330000032
In base 2, what is 111101 + -101001001111111?
-101001001000010
In base 2, what is 10100001101011 - -100?
10100001101111
In base 9, what is 5115 - -280?
5405
In base 14, what is -61a + 13d?
-4bb
In base 12, what is ab + 14?
103
In base 3, what is -1000021 + 211?
-222110
In base 7, what is 4 - 223413?
-223406
In base 16, what is -1a + -5bf?
-5d9
In base 11, what is -32 - -336?
304
In base 9, what is -145311 - -1?
-145310
In base 6, what is 11105 - -1431?
12540
In base 10, what is -196 - 591?
-787
In base 15, what is 8 + -2036d?
-20365
In base 5, what is -2223 - -1131?
-1042
In base 9, what is 27616 - -5?
27622
In base 14, what is 75a6 - 2?
75a4
In base 13, what is -7a + 376?
2c9
In base 8, what is -16 - 3122?
-3140
In base 12, what is -405 - 37?
-440
In base 3, what is 1210122100 + -12?
1210122011
In base 9, what is 371 - 117?
253
In base 7, what is -54 + 520102?
520015
In base 16, what is -3 - -4bb4?
4bb1
In base 9, what is 1 + -34433?
-34432
In base 4, what is -310110 + -103?
-310213
In base 2, what is -100010010010001110 - -1011?
-100010010010000011
In base 4, what is -1 - 3132221?
-3132222
In base 7, what is 0 - -4465606?
4465606
In base 4, what is -303123 + 3201?
-233322
In base 3, what is -111021212112 + -12?
-111021212201
In base 7, what is -4 + 1005363?
1005356
In base 6, what is 3435 + -22455?
-15020
In base 11, what is 17a83a3 + 2?
17a83a5
In base 15, what is 1579d + 1?
1579e
In base 16, what is 252b5 + 7?
252bc
In base 2, what is 110001100 - 11001?
101110011
In base 3, what is -222 + -1210112?
-1211111
In base 2, what is 0 + -11100001101000?
-11100001101000
In base 10, what is 7 + -2725?
-2718
In base 16, what is d5 - -aa6?
b7b
In base 10, what is -5 - -13778?
13773
In base 12, what is -12 - -2968?
2956
In base 13, what is -41714 + -4?
-41718
In base 11, what is 1 - 386303?
-386302
In base 12, what is 207 - ab?
118
In base 10, what is -3096 - 184?
-3280
In base 8, what is 167456 + -21?
167435
In base 2, what is -10 + -1000101011101100111?
-1000101011101101001
In base 2, what is 1010000 + 11001101010?
11010111010
In base 7, what is -130143 + -24?
-130200
In base 3, what is -12 + -2100110110121?
-2100110110210
In base 8, what is -32 + 477?
445
In base 6, what is -1240552 - -5?
-1240543
In base 16, what is -286 + -bf?
-345
In base 4, what is -2313213 - 2?
-2313221
In base 15, what is 203 + -148?
aa
In base 16, what is 1 + -15e4?
-15e3
In base 12, what is -437a54 + 5?
-437a4b
In base 12, what is -1a + 3b46b?
3b451
In base 9, what is -2 + 27787?
27785
In base 9, what is -3 + 131448?
131445
In base 16, what is -1 - 78e?
-78f
In base 6, what is -23 + -1332501?
-1332524
In base 15, what is -3dda + 7b?
-3d5e
In base 7, what is 1222 + -16?
1203
In base 4, what is -1330 + 203301?
201311
In base 11, what is 5 - -22119?
22123
In base 7, what is -14 - 6365?
-6412
In base 10, what is 4 + -33049?
-33045
In base 5, what is 41222 + 212?
41434
In base 4, what is 12 + 32131131?
32131203
In base 8, what is -10 - -11174?
11164
In base 8, what is -116 - -2124?
2006
In base 5, what is 413334 - -4?
413343
In base 5, what is 422232220 - -3?
422232223
In base 8, what is 34702 + 144?
35046
In base 3, what is 1000200010220 + 0?
1000200010220
In base 4, what is -13 - -132020310?
132020231
In base 15, what is 1b7 + -2?
1b5
In base 14, what is -3 + -128073?
-128076
In base 6, what is 12 - -140034?
140050
In base 9, what is -2 - 3354?
-3356
In base 16, what is -1bc + 1249?
108d
In base 8, what is 733 - -2?
735
In base 9, what is 47515 - -2?
47517
In base 11, what is 9925 - -219?
a043
In base 6, what is 105533043 - 2?
105533041
In base 11, what is 7a68a - -4?
7a693
In base 13, what is -33 - 39a80?
-39ab3
In base 15, what is 4 + 1e16?
1e1a
In base 7, what is 1630 + -3111?
-1151
In base 9, what is 36 - -1200?
1236
In base 11, what is 23009 + 9?
23017
In base 3, what is 1121111 + 122210?
2021021
In base 13, what is 0 + 153a?
153a
In base 10, what is -13 + -2457?
-2470
In base 15, what is -c8e9 + -46?
-c940
In base 6, what is -2444 + 22410?
15522
In base 5, what is 3020012 - -10?
3020022
In base 4, what is 1213 - -1110?
2323
In base 10, what is -3 + -311760?
-311763
In base 7, what is -26 - 211633?
-211662
In base 10, what is 2 + 69578?
69580
In base 15, what is 1 - 1312b?
-1312a
In base 12, what is -2 + b6b8?
b6b6
In base 2, what is -1001000011111001 - 111?
-1001000100000000
In base 13, what is 38 + -4b6?
-47b
In base 8, what is 1 + -13470?
-13467
In base 9, what is -11 - -446?
435
In base 12, what is 0 - 160?
-160
In base 7, what is 3 - -106236?
106242
In base 9, what is -2 - 20545?
-20547
In base 2, what is -101111111010 - -111?
-101111110011
In b